{"id":2258,"date":"2020-03-24T14:44:28","date_gmt":"2020-03-24T14:44:28","guid":{"rendered":"https:\/\/laptopsilver.hu\/?page_id=2258"},"modified":"2020-03-24T14:44:57","modified_gmt":"2020-03-24T14:44:57","slug":"adatvedelmi-nyilatkozat","status":"publish","type":"page","link":"https:\/\/laptopsilver.hu\/?page_id=2258","title":{"rendered":"Adatv\u00e9delmi nyilatkozat"},"content":{"rendered":"<section class=\"wpb-content-wrapper\"><p>[vc_row][vc_column][vc_column_text]<\/p>\n<h1>Adatv\u00e9delmi nyilatkozat<\/h1>\n<p><strong><u>Adatv\u00e9delmi t\u00e1j\u00e9koztat\u00f3<\/u><\/strong><\/p>\n<ol>\n<li><strong><u> A Szab\u00e1lyzat c\u00e9lja:<\/u><\/strong><\/li>\n<\/ol>\n<p>A jelen Szab\u00e1lyzat c\u00e9lja, hogy r\u00f6gz\u00edtse a Varg\u00e1n\u00e9 Sug\u00e1r Ildik\u00f3 egy\u00e9ni v\u00e1llalkoz\u00f3 (EV)\u00a0(sz\u00e9khely: 4400 Ny\u00edregyh\u00e1za Szegf\u0171 \u00fat 57.\u00a0\u00a0ad\u00f3sz\u00e1m: \u2026\u2026\u2026.) \u00e1ltal alkalmazott adatv\u00e9delmi \u00e9s adatkezel\u00e9si elveket \u00e9s a T\u00e1rsas\u00e1g adatv\u00e9delmi \u00e9s adatkezel\u00e9si politik\u00e1j\u00e1t.<\/p>\n<p>A jelen Szab\u00e1lyzat c\u00e9lja, hogy a Szolg\u00e1ltat\u00f3 \u00e1ltal ny\u00fajtott szolg\u00e1ltat\u00e1sok minden ter\u00fclet\u00e9n, minden egy\u00e9n sz\u00e1m\u00e1ra, tekintet n\u00e9lk\u00fcl nemzetis\u00e9g\u00e9re vagy lak\u00f3hely\u00e9re, biztos\u00edtva legyen, hogy jogait \u00e9s alapvet\u0151 szabads\u00e1gjogait, k\u00fcl\u00f6n\u00f6sen a mag\u00e1n\u00e9lethez val\u00f3 jog\u00e1t tiszteletben tarts\u00e1k a szem\u00e9lyes adatainak g\u00e9pi feldolgoz\u00e1sa sor\u00e1n (adatv\u00e9delem).<\/p>\n<ol start=\"2\">\n<li><strong><u> Az adatkezel\u0151 megnevez\u00e9se:<\/u><\/strong><\/li>\n<\/ol>\n<table width=\"724\">\n<tbody>\n<tr>\n<td width=\"320\">N\u00e9v:<\/td>\n<td>Bakos J\u00e1nos EV<\/td>\n<\/tr>\n<tr>\n<td width=\"320\">Sz\u00e9khely \u00e9s levelez\u00e9si c\u00edm:<\/td>\n<td>4400 Ny\u00edregyh\u00e1za R\u00e1k\u00f3czi \u00fat 17.<\/td>\n<\/tr>\n<tr>\n<td width=\"320\">Telefonsz\u00e1m:<\/td>\n<td>\u00a0+36-70\/638-7453<\/td>\n<\/tr>\n<tr>\n<td width=\"320\">Email c\u00edm:<\/td>\n<td>bakosjanek1997@gmail.com<\/td>\n<\/tr>\n<tr>\n<td width=\"320\">Adatkezel\u00e9si nyilv\u00e1ntart\u00e1si sz\u00e1m:<\/td>\n<td><\/td>\n<\/tr>\n<\/tbody>\n<\/table>\n<ol start=\"3\">\n<li><strong><u> A kezelt szem\u00e9lyes adatok k\u00f6re:<\/u><\/strong><\/li>\n<\/ol>\n<p><strong>3.1.<\/strong>\u00a0Regisztr\u00e1ci\u00f3. A regisztr\u00e1ci\u00f3 sor\u00e1n a Felhaszn\u00e1l\u00f3nak k\u00f6telez\u0151en meg kell adnia a k\u00f6vetkez\u0151 szem\u00e9lyes adatokat:<\/p>\n<ul>\n<li>felhaszn\u00e1l\u00f3n\u00e9v,<\/li>\n<li>saj\u00e1t e-mail c\u00edm,<\/li>\n<li>jelsz\u00f3,<\/li>\n<li>sz\u00e1ml\u00e1z\u00e1si c\u00edm (sz\u00e1ml\u00e1z\u00e1si n\u00e9v, utcan\u00e9v, h\u00e1zsz\u00e1m, telep\u00fcl\u00e9s, ir\u00e1ny\u00edt\u00f3sz\u00e1m),<\/li>\n<li>sz\u00e1ll\u00edt\u00e1si c\u00edm (sz\u00e1ll\u00edt\u00e1si n\u00e9v, utcan\u00e9v, h\u00e1zsz\u00e1m, telep\u00fcl\u00e9s, ir\u00e1ny\u00edt\u00f3sz\u00e1m),<\/li>\n<li>telefonsz\u00e1m<\/li>\n<\/ul>\n<p><strong>3.2.\u00a0<\/strong>A rendszer m\u0171k\u00f6dtet\u00e9se sor\u00e1n technikailag r\u00f6gz\u00edt\u00e9sre ker\u00fcl\u0151 adatok: a felhaszn\u00e1l\u00f3 bejelentkez\u0151 sz\u00e1m\u00edt\u00f3g\u00e9p\u00e9nek azon adatai, melyek a szolg\u00e1ltat\u00e1s ig\u00e9nybe v\u00e9tele sor\u00e1n gener\u00e1l\u00f3dnak \u00e9s melyeket az adatkezel\u0151 rendszere a technikai folyamatok automatikus eredm\u00e9nyek\u00e9nt r\u00f6gz\u00edt. Az automatikusan r\u00f6gz\u00edt\u00e9sre ker\u00fcl\u0151 adatokat a rendszer a felhaszn\u00e1l\u00f3 k\u00fcl\u00f6n nyilatkozata vagy cselekm\u00e9nye n\u00e9lk\u00fcl a bel\u00e9p\u00e9skor, illetve kil\u00e9p\u00e9skor automatikusan napl\u00f3zza. Ezen adatok egy\u00e9b szem\u00e9lyes felhaszn\u00e1l\u00f3i adatokkal \u2013 t\u00f6rv\u00e9ny \u00e1ltal k\u00f6telez\u0151v\u00e9 tett esetek kiv\u00e9tel\u00e9vel \u2013 \u00f6ssze nem kapcsolhat\u00f3k. Az adatokhoz kiz\u00e1r\u00f3lag az adatkezel\u0151 f\u00e9r hozz\u00e1.<\/p>\n<p>&nbsp;<\/p>\n<p><strong>3.3.<\/strong>\u00a0A Weboldalon tett l\u00e1togat\u00e1sok sor\u00e1n egy vagy t\u00f6bb cookie-t \u2013 azaz egy-egy karaktersorozatot tartalmaz\u00f3 kis f\u00e1jlt \u2013 k\u00fcld\u00fcnk a l\u00e1togat\u00f3 sz\u00e1m\u00edt\u00f3g\u00e9p\u00e9re, amely(ek) r\u00e9v\u00e9n annak b\u00f6ng\u00e9sz\u0151je egyedileg azonos\u00edthat\u00f3 lesz. Ezen cookie-k a Google \u00e1ltal biztos\u00edtottak, felhaszn\u00e1l\u00e1suk a Google Adwords rendszer\u00e9n kereszt\u00fcl t\u00f6rt\u00e9nik. Ezeket a cookie-kat csak egyes al-oldalak l\u00e1togat\u00e1sa eset\u00e9n k\u00fcldj\u00fck el a l\u00e1togat\u00f3 sz\u00e1m\u00edt\u00f3g\u00e9p\u00e9re, teh\u00e1t ezekben csak az adott al-oldal megl\u00e1togat\u00e1s\u00e1nak t\u00e9ny\u00e9t \u00e9s idej\u00e9t t\u00e1roljuk, semmilyen m\u00e1s inform\u00e1ci\u00f3t nem.<\/p>\n<p>Az \u00edgy elk\u00fcld\u00f6tt cookie-k felhaszn\u00e1l\u00e1sa a k\u00f6vetkez\u0151: A k\u00fcls\u0151 szolg\u00e1ltat\u00f3k, k\u00f6z\u00f6tt\u00fck a Google, ezen cookie-k seg\u00edts\u00e9g\u00e9vel t\u00e1rolj\u00e1k, ha a felhaszn\u00e1l\u00f3 kor\u00e1bban m\u00e1r l\u00e1togat\u00e1st tett a hirdet\u0151 webhely\u00e9n, \u00e9s ez alapj\u00e1n hirdet\u00e9seket jelen\u00edtenek meg a felhaszn\u00e1l\u00f3nak k\u00fcls\u0151 szolg\u00e1ltat\u00f3k \u2013 k\u00f6z\u00f6tt\u00fck a Google \u2013 partnereinek internetes webhelyein.A felhaszn\u00e1l\u00f3k a Google hirdet\u00e9sek kikapcsol\u00e1s\u00e1ra szolg\u00e1l\u00f3 oldalon tilthatj\u00e1k le a Google cookie-jait. (Azt is jelezheti a felhaszn\u00e1l\u00f3k sz\u00e1m\u00e1ra, hogy a Network Network Advertising Initiative leiratkoz\u00e1si oldal\u00e1n a k\u00fcls\u0151 szolg\u00e1ltat\u00f3k cookie-jait is letilthatj\u00e1k.)Alkalmazott cookie-k:<\/p>\n<ul>\n<li>Analitika, k\u00f6vet\u00e9s cookie<\/li>\n<li>Webhelyen kereszt\u00fcli k\u00f6vet\u00e9s<\/li>\n<li>Bejelentkez\u00e9si, felhaszn\u00e1l\u00f3 azonos\u00edt\u00f3 session cookie<\/li>\n<\/ul>\n<p>A legt\u00f6bb b\u00f6ng\u00e9sz\u0151 men\u00fcsor\u00e1ban tal\u00e1lhat\u00f3 \u201eSeg\u00edts\u00e9g\u201d funkci\u00f3 t\u00e1j\u00e9koztat\u00e1st ny\u00fajt arra vonatkoz\u00f3an, hogy a b\u00f6ng\u00e9sz\u0151ben<\/p>\n<ul>\n<li>hogyan lehet letiltani a cookie-kat,<\/li>\n<li>hogyan fogadjon el \u00faj cookie-kat, vagy<\/li>\n<li>hogyan adjon utas\u00edt\u00e1st b\u00f6ng\u00e9sz\u0151j\u00e9nek arra, hogy \u00faj cookie-t \u00e1ll\u00edtson be, vagy<\/li>\n<li>hogyan kapcsoljon ki egy\u00e9b cookie-kat.<\/li>\n<\/ul>\n<ol start=\"4\">\n<li><strong><u> Az adatkezel\u00e9s jogalapja, c\u00e9lja \u00e9s m\u00f3dja:<\/u><\/strong><\/li>\n<\/ol>\n<p><strong>4.1.<\/strong>\u00a0Az adatkezel\u00e9sre a www.aranyhorog.hu internetes oldalon (a tov\u00e1bbiakban:\u00a0<u>Weboldal<\/u>) tal\u00e1lhat\u00f3 internetes tartalmak felhaszn\u00e1l\u00f3inak \u00f6nk\u00e9ntes, megfelel\u0151t\u00e1j\u00e9koztat\u00e1son alapul\u00f3 nyilatkozata alapj\u00e1n ker\u00fcl sor, amely nyilatkozat tartalmazza a felhaszn\u00e1l\u00f3k kifejezett hozz\u00e1j\u00e1rul\u00e1s\u00e1t ahhoz, hogy az oldal haszn\u00e1lata sor\u00e1nk\u00f6z\u00f6lt szem\u00e9lyes adataik felhaszn\u00e1l\u00e1sra ker\u00fcljenek.<br \/>\nAz adatkezel\u00e9s jogalapja az inform\u00e1ci\u00f3s \u00f6nrendelkez\u00e9si jogr\u00f3l \u00e9s az inform\u00e1ci\u00f3szabads\u00e1gr\u00f3l sz\u00f3l\u00f3 2011. \u00e9viCXII. tv. (Infotv.) 5.\u00a7 (1) bek. a) pontja szerint az \u00e9rintett \u00f6nk\u00e9ntes hozz\u00e1j\u00e1rul\u00e1sa. A hozz\u00e1j\u00e1rul\u00e1st Felhaszn\u00e1l\u00f3 az egyes adatkezel\u00e9sek tekintet\u00e9ben a Weboldalhaszn\u00e1lat\u00e1val, a regisztr\u00e1ci\u00f3val, illetve a k\u00e9rd\u00e9ses adatok \u00f6nk\u00e9ntes megad\u00e1s\u00e1val adja meg.<\/p>\n<p><strong>4.2.<\/strong>\u00a0Az adatkezel\u00e9s c\u00e9lja a Weboldalon el\u00e9rhet\u0151 szolg\u00e1ltat\u00e1sok ny\u00fajt\u00e1s\u00e1nak biztos\u00edt\u00e1sa. A Szolg\u00e1ltat\u00f3 a felhaszn\u00e1l\u00f3 \u00e1ltal rendelkez\u00e9sre bocs\u00e1tott adatokatc\u00e9lhoz k\u00f6t\u00f6tten, kiz\u00e1r\u00f3lag a megrendel\u00e9s teljes\u00edt\u00e9se \u00e9s az esetlegesen l\u00e9trej\u00f6v\u0151 szerz\u0151d\u00e9s felt\u00e9teleinek k\u00e9s\u0151bbi bizony\u00edt\u00e1sa \u00e9rdek\u00e9ben t\u00e1rolja.<\/p>\n<p><strong>4.3.<\/strong>\u00a0Az automatikusan r\u00f6gz\u00edt\u00e9sre ker\u00fcl\u0151 adatok c\u00e9lja statisztikak\u00e9sz\u00edt\u00e9s, az informatikai rendszer technikai fejleszt\u00e9se, a felhaszn\u00e1l\u00f3k jogainak v\u00e9delme.<\/p>\n<p><strong>4.4.<\/strong>\u00a0Az adatkezel\u0151 a megadott szem\u00e9lyes adatokat az e pontokban \u00edrt c\u00e9lokt\u00f3l elt\u00e9r\u0151 c\u00e9lokra nem haszn\u00e1lja illetve haszn\u00e1lhatja fel. Szem\u00e9lyes adatok harmadikszem\u00e9lynek vagy hat\u00f3s\u00e1gok sz\u00e1m\u00e1ra t\u00f6rt\u00e9n\u0151 kiad\u00e1sa \u2013 hacsak t\u00f6rv\u00e9ny ett\u0151l elt\u00e9r\u0151en nem rendelkezik k\u00f6telez\u0151 er\u0151vel \u2013 a felhaszn\u00e1l\u00f3 el\u0151zetes, kifejezett hozz\u00e1j\u00e1rul\u00e1saeset\u00e9n lehets\u00e9ges kiz\u00e1r\u00f3lag.<\/p>\n<p><strong>4.5.<\/strong>\u00a0Adatkezel\u0151 a neki megadott szem\u00e9lyes adatokat nem ellen\u0151rzi. A megadott adatok megfelel\u0151ss\u00e9g\u00e9\u00e9rt kiz\u00e1r\u00f3lag az azt megad\u00f3 szem\u00e9ly felel. B\u00e1rmely Felhaszn\u00e1l\u00f3e-mail c\u00edm\u00e9nek megad\u00e1sakor egyben felel\u0151ss\u00e9get v\u00e1llal az\u00e9rt, hogy a megadott e-mail c\u00edmr\u0151l kiz\u00e1r\u00f3lag \u0151 vesz ig\u00e9nybe szolg\u00e1ltat\u00e1st. E felel\u0151ss\u00e9gv\u00e1llal\u00e1sra tekintettelegy megadott e-mail c\u00edmen t\u00f6rt\u00e9nt bel\u00e9p\u00e9sekkel \u00f6sszef\u00fcgg\u0151 mindennem\u0171 felel\u0151ss\u00e9g kiz\u00e1r\u00f3lag azt a felhaszn\u00e1l\u00f3t terheli, aki az e-mail c\u00edmet regisztr\u00e1lta.<\/p>\n<ol start=\"5\">\n<li><strong><u> Az adatkezel\u00e9s id\u0151tartama:<\/u><\/strong><\/li>\n<\/ol>\n<p><strong>5.1.<\/strong>\u00a0A regisztr\u00e1ci\u00f3 sor\u00e1n k\u00f6telez\u0151en megadott szem\u00e9lyes adatok kezel\u00e9se a regisztr\u00e1ci\u00f3val kezd\u0151dik \u00e9s annak t\u00f6rl\u00e9s\u00e9ig tart. Nem k\u00f6telez\u0151 adatok eset\u00e9n azadatkezel\u00e9s az adat megad\u00e1s\u00e1nak id\u0151pontj\u00e1t\u00f3l a k\u00e9rd\u00e9ses adat t\u00f6rl\u00e9s\u00e9ig tart. A regisztr\u00e1ci\u00f3 Felhaszn\u00e1l\u00f3 \u00e1ltali t\u00f6rl\u00e9s\u00e9re, valamint Szolg\u00e1ltat\u00f3 \u00e1ltali t\u00f6rl\u00e9s\u00e9reb\u00e1rmikor, az \u00c1ltal\u00e1nos Szerz\u0151d\u00e9si Felt\u00e9telekben (a tov\u00e1bbiakban:<u>\u00c1SZF<\/u>) r\u00f6gz\u00edtett esetben \u00e9s m\u00f3don ker\u00fclhet sor.<\/p>\n<p><strong>5.2.<\/strong>\u00a0A napl\u00f3zott adatokat a rendszer \u2013 az utols\u00f3 l\u00e1togat\u00e1s d\u00e1tum\u00e1nak kiv\u00e9tel\u00e9vel, amelyet automatikusan fel\u00fcl\u00edr \u2013 a napl\u00f3z\u00e1s id\u0151pontj\u00e1t\u00f3l sz\u00e1m\u00edtott 6 h\u00f3napigt\u00e1rolja.<\/p>\n<p><strong>5.3.<\/strong>\u00a0Fenti rendelkez\u00e9sek nem \u00e9rintik a jogszab\u00e1lyban (pl. sz\u00e1mviteli jogszab\u00e1lyokban) meghat\u00e1rozott meg\u0151rz\u00e9si k\u00f6telezetts\u00e9gek teljes\u00edt\u00e9s\u00e9t, valamint aWeboldalon t\u00f6rt\u00e9n\u0151 regisztr\u00e1ci\u00f3 sor\u00e1n vagy egy\u00e9b m\u00f3don adott tov\u00e1bbi hozz\u00e1j\u00e1rul\u00e1sok alapj\u00e1n t\u00f6rt\u00e9n\u0151 adatkezel\u00e9seket.<\/p>\n<ol start=\"6\">\n<li><strong><u> Az adatokat megismer\u0151 szem\u00e9lyek k\u00f6re, adattov\u00e1bb\u00edt\u00e1s, adatfeldolgoz\u00e1s:<\/u><\/strong><\/li>\n<\/ol>\n<p><strong>6.1.<\/strong>\u00a0Az adatokat els\u0151dlegesen Szolg\u00e1ltat\u00f3 illetve Szolg\u00e1ltat\u00f3 bels\u0151 munkat\u00e1rsai jogosultak megismerni, azonban azokat nem teszik k\u00f6zz\u00e9, harmadik szem\u00e9lyekr\u00e9sz\u00e9re nem adj\u00e1k \u00e1t.<\/p>\n<p><strong>6.2.<\/strong>\u00a0Az alapul fekv\u0151 informatikai rendszer \u00fczemeltet\u00e9se, a megrendel\u00e9sek teljes\u00edt\u00e9se, az elsz\u00e1mol\u00e1s rendez\u00e9se k\u00f6r\u00e9ben Szolg\u00e1ltat\u00f3 adatfeldolgoz\u00f3t (pl.rendszer\u00fczemeltet\u0151, fuvaroz\u00f3 v\u00e1llalat, k\u00f6nyvel\u0151) vehet ig\u00e9nybe. Szolg\u00e1ltat\u00f3 az ilyen k\u00fcls\u0151 szerepl\u0151k adatkezel\u00e9si gyakorlat\u00e1\u00e9rt nem felel\u0151s.<\/p>\n<p><strong>Adatfeldolgoz\u00f3k megnevez\u00e9se:<\/strong><\/p>\n<table width=\"724\">\n<tbody>\n<tr>\n<td>C\u00e9gn\u00e9v<\/td>\n<td>C\u00edm<\/td>\n<td>Tev\u00e9kenys\u00e9g<\/td>\n<\/tr>\n<tr>\n<td>Bakos J\u00e1nos EV.<\/td>\n<td>4400 Ny\u00edregyh\u00e1za,\u00a0R\u00e1k\u00f3czi \u00fat 17.<\/td>\n<td>Webshop \u00fczemeltet\u00e9se<\/td>\n<\/tr>\n<\/tbody>\n<\/table>\n<p><strong>6.3.<\/strong>\u00a0A fentieken t\u00fal a Felhaszn\u00e1l\u00f3ra vonatkoz\u00f3 szem\u00e9lyes adatok tov\u00e1bb\u00edt\u00e1s\u00e1ra kiz\u00e1r\u00f3lag t\u00f6rv\u00e9nyben k\u00f6telez\u0151en meghat\u00e1rozott esetben, illetve a Felhaszn\u00e1l\u00f3hozz\u00e1j\u00e1rul\u00e1sa alapj\u00e1n ker\u00fclhet sor.<\/p>\n<ol start=\"7\">\n<li><strong><u> Felhaszn\u00e1l\u00f3i jogok \u00e9s jog\u00e9rv\u00e9nyes\u00edt\u00e9si lehet\u0151s\u00e9gek:<\/u><\/strong><\/li>\n<\/ol>\n<p><strong>7.1.<\/strong>\u00a0A Felhaszn\u00e1l\u00f3 b\u00e1rmikor jogosult t\u00e1j\u00e9koztat\u00e1st k\u00e9rni a Szolg\u00e1ltat\u00f3 \u00e1ltal kezelt, r\u00e1 vonatkoz\u00f3 szem\u00e9lyes adatokr\u00f3l, tov\u00e1bb\u00e1 b\u00e1rmikor m\u00f3dos\u00edthatja azokat az\u00c1SZF-ben meghat\u00e1rozott m\u00f3don. Felhaszn\u00e1l\u00f3 jogosult tov\u00e1bb\u00e1 adatai t\u00f6rl\u00e9s\u00e9nek k\u00e9r\u00e9s\u00e9re az e pontban megadott el\u00e9rhet\u0151s\u00e9gek \u00fatj\u00e1n.<\/p>\n<p><strong>7.2.<\/strong>\u00a0Szolg\u00e1ltat\u00f3 a Felhaszn\u00e1l\u00f3 k\u00e9r\u00e9s\u00e9re t\u00e1j\u00e9koztat\u00e1st ad a r\u00e1 vonatkoz\u00f3, \u00e1ltala kezelt adatokr\u00f3l, az adatkezel\u00e9s c\u00e9lj\u00e1r\u00f3l, jogalapj\u00e1r\u00f3l, id\u0151tartam\u00e1r\u00f3l, tov\u00e1bb\u00e1arr\u00f3l, hogy kik \u00e9s milyen c\u00e9lb\u00f3l kapj\u00e1k vagy kapt\u00e1k meg adatait. Szolg\u00e1ltat\u00f3 a k\u00e9relem beny\u00fajt\u00e1s\u00e1t\u00f3l sz\u00e1m\u00edtott 30 napon bel\u00fcl \u00edr\u00e1sban adja meg a k\u00e9rt t\u00e1j\u00e9koztat\u00e1st.<\/p>\n<p><strong>7.3.<\/strong>\u00a0Az \u00e9rintett a jogait az al\u00e1bbi el\u00e9rhet\u0151s\u00e9geken gyakorolhatja:<\/p>\n<p>&nbsp;<\/p>\n<table width=\"724\">\n<tbody>\n<tr>\n<td width=\"100\">Levelez\u00e9si c\u00edm:<\/td>\n<td><strong>Bakos J\u00e1nos EV<\/strong><br \/>\n4400 Ny\u00edregyh\u00e1za,\u00a0R\u00e1k\u00f3czi \u00fat 17.<\/td>\n<\/tr>\n<tr>\n<td width=\"100\">E-mail:<\/td>\n<td>bakosjanek1997@gmail.com<\/td>\n<\/tr>\n<\/tbody>\n<\/table>\n<p>A \u00dcgyf\u00e9l b\u00e1rmely, az adatkezel\u00e9ssel kapcsolatos k\u00e9rd\u00e9ssel, illetve \u00e9szrev\u00e9tellel a Szolg\u00e1ltat\u00f3 munkat\u00e1rs\u00e1hoz fordulhat a 7.3. pontban el\u00e9rhet\u0151s\u00e9geken kereszt\u00fcl.<\/p>\n<p>&nbsp;<\/p>\n<p><strong>7.4.<\/strong>\u00a0A felhaszn\u00e1l\u00f3 b\u00e1rmikor jogosult a helytelen\u00fcl r\u00f6gz\u00edtett adatainak helyesb\u00edt\u00e9s\u00e9t vagy azok t\u00f6rl\u00e9s\u00e9t k\u00e9rni. Egyes adatait a Felhaszn\u00e1l\u00f3 a Weboldalon magahelyesb\u00edtheti; egy\u00e9b esetekben Szolg\u00e1ltat\u00f3 a k\u00e9relem be\u00e9rkez\u00e9s\u00e9t\u0151l sz\u00e1m\u00edtott 3 munkanapon bel\u00fcl t\u00f6rli az adatokat, ez esetben azok nem lesznek \u00fajra helyre\u00e1ll\u00edthat\u00f3k. At\u00f6rl\u00e9s nem vonatkozik a jogszab\u00e1ly (pl. sz\u00e1mviteli szab\u00e1lyoz\u00e1s) alapj\u00e1n sz\u00fcks\u00e9ges adatkezel\u00e9sekre, azokat Szolg\u00e1ltat\u00f3 a sz\u00fcks\u00e9ges id\u0151tartamig meg\u0151rzi.<\/p>\n<p>&nbsp;<\/p>\n<p><strong>7.5.<\/strong>\u00a0A Felhaszn\u00e1l\u00f3 az Infotv.,valamint a Polg\u00e1ri T\u00f6rv\u00e9nyk\u00f6nyv (1959. \u00e9vi IV. t\u00f6rv\u00e9ny) alapj\u00e1n b\u00edr\u00f3s\u00e1g el\u0151tt \u00e9rv\u00e9nyes\u00edtheti jogait, tov\u00e1bb\u00e1 Nemzeti Adatv\u00e9delmi\u00e9s Inform\u00e1ci\u00f3szabads\u00e1g Hat\u00f3s\u00e1ghoz (NAIH) (1125 Budapest, Szil\u00e1gyi Erzs\u00e9bet fasor 22\/C) fordulhat az adatkezel\u0151 adatkezel\u00e9si gyakorlat\u00e1val kapcsolatban felmer\u00fcltpanasza eset\u00e9n.<\/p>\n<p><strong>7.6.<\/strong>\u00a0Amennyiben a Felhaszn\u00e1l\u00f3 szolg\u00e1ltat\u00e1s ig\u00e9nybev\u00e9tel\u00e9hez a regisztr\u00e1ci\u00f3 sor\u00e1n harmadik f\u00e9l adatait adta meg vagy a Weboldal haszn\u00e1lata sor\u00e1n b\u00e1rmilyen m\u00f3donk\u00e1rt okozott, a Szolg\u00e1ltat\u00f3 jogosult a Felhaszn\u00e1l\u00f3val szembeni k\u00e1rt\u00e9r\u00edt\u00e9s \u00e9rv\u00e9nyes\u00edt\u00e9s\u00e9re. A Szolg\u00e1ltat\u00f3 ilyen esetben minden t\u0151le telhet\u0151 seg\u00edts\u00e9get megad az elj\u00e1r\u00f3hat\u00f3s\u00e1goknak a jogs\u00e9rt\u0151 szem\u00e9ly szem\u00e9lyazonoss\u00e1g\u00e1nak meg\u00e1llap\u00edt\u00e1sa c\u00e9lj\u00e1b\u00f3l.<\/p>\n<ol start=\"8\">\n<li><strong><u> E-mail c\u00edmek felhaszn\u00e1l\u00e1sa:<\/u><\/strong><\/li>\n<\/ol>\n<p><strong>8.1.<\/strong>\u00a0A Szolg\u00e1ltat\u00f3 kiemelt figyelmet ford\u00edt az \u00e1ltala kezelt elektronikus lev\u00e9lc\u00edmek felhaszn\u00e1l\u00e1snak jogszer\u0171s\u00e9g\u00e9re, \u00edgy azokat csak az al\u00e1bbiakbanmeghat\u00e1rozott m\u00f3don haszn\u00e1lja fel (t\u00e1j\u00e9koztat\u00f3 vagy rekl\u00e1m) e-mail k\u00fcld\u00e9s\u00e9re.<\/p>\n<p><strong>8.2.<\/strong>\u00a0Az e-mail c\u00edmek kezel\u00e9se els\u0151sorban a Felhaszn\u00e1l\u00f3 azonos\u00edt\u00e1s\u00e1t, a megrendel\u00e9sek teljes\u00edt\u00e9se, szolg\u00e1ltat\u00e1sok ig\u00e9nybe v\u00e9tele sor\u00e1n a kapcsolattart\u00e1stszolg\u00e1lja, \u00edgy els\u0151sorban ennek \u00e9rdek\u00e9ben ker\u00fcl sor e-mail k\u00fcld\u00e9s\u00e9re.<\/p>\n<p><strong>8.3.<\/strong>\u00a0A Szolg\u00e1ltat\u00f3 \u00e1ltal ny\u00fajtott szolg\u00e1ltat\u00e1sok vagy az \u00c1SZF v\u00e1ltoz\u00e1sa eset\u00e9n a v\u00e1ltoz\u00e1sokra vonatkoz\u00f3, valamint a Szolg\u00e1ltat\u00f3 egy\u00e9b hasonl\u00f3 szolg\u00e1ltat\u00e1sairavonatkoz\u00f3 t\u00e1j\u00e9koztat\u00e1st a Szolg\u00e1ltat\u00f3 bizonyos esetekben elektronikus form\u00e1ban, e-mailben juttatja el az \u00e9rintettek r\u00e9sz\u00e9re. Az ilyen \u201c\u00e9rtes\u00edt\u00e9si list\u00e1r\u00f3l\u201d nem lehetleiratkozni, ezen \u00e9rtes\u00edt\u00e9seket azonban a Szolg\u00e1ltat\u00f3 nem haszn\u00e1lja rekl\u00e1moz\u00e1si c\u00e9lra.<\/p>\n<p><strong>8.4.<\/strong>\u00a0A regisztr\u00e1ci\u00f3 sor\u00e1n megadott elektronikus lev\u00e9lc\u00edmekre hirdet\u00e9st vagy rekl\u00e1mot (h\u00edrlev\u00e9l) tartalmaz\u00f3 leveleket a Szolg\u00e1ltat\u00f3 csak a Felhaszn\u00e1l\u00f3 kifejezetthozz\u00e1j\u00e1rul\u00e1s\u00e1val, a jogszab\u00e1lyi el\u0151\u00edr\u00e1soknak megfelel\u0151 esetekben \u00e9s m\u00f3don k\u00fcld. A Felhaszn\u00e1l\u00f3 b\u00e1rmikor leiratkozhat a h\u00edrlev\u00e9lr\u0151l, a h\u00edrlev\u00e9l alj\u00e1n elhelyezett link seg\u00edts\u00e9g\u00e9vel.<\/p>\n<ol start=\"9\">\n<li><strong><u> Egy\u00e9b rendelkez\u00e9sek:<\/u><\/strong><\/li>\n<\/ol>\n<p><strong>9.1.<\/strong>\u00a0Szolg\u00e1ltat\u00f3 rendszere a felhaszn\u00e1l\u00f3k aktivit\u00e1s\u00e1r\u00f3l adatokat gy\u0171jthet, melyek nem kapcsolhat\u00f3ak \u00f6ssze a felhaszn\u00e1l\u00f3k \u00e1ltal a regisztr\u00e1ci\u00f3kor megadott egy\u00e9badatokkal, sem m\u00e1s honlapok vagy szolg\u00e1ltat\u00e1sok ig\u00e9nybev\u00e9telekor keletkez\u0151 adatokkal.<\/p>\n<p><strong>9.2.<\/strong>Minden olyan esetben, ha a szolg\u00e1ltatott adatokat a Szolg\u00e1ltat\u00f3 az eredeti adatfelv\u00e9tel c\u00e9lj\u00e1t\u00f3l elt\u00e9r\u0151 c\u00e9lra k\u00edv\u00e1nja felhaszn\u00e1lni, err\u0151l a felhaszn\u00e1l\u00f3tt\u00e1j\u00e9koztatja, \u00e9s ehhez el\u0151zetes, kifejezett hozz\u00e1j\u00e1rul\u00e1s\u00e1t megszerzi, illet\u0151leg lehet\u0151s\u00e9get biztos\u00edt sz\u00e1m\u00e1ra, hogy a felhaszn\u00e1l\u00e1st megtiltsa.<\/p>\n<p><strong>9.3.<\/strong>\u00a0Szolg\u00e1ltat\u00f3 k\u00f6telezi mag\u00e1t, hogy gondoskodik az adatok biztons\u00e1g\u00e1r\u00f3l, megteszi tov\u00e1bb\u00e1 azokat a technikai int\u00e9zked\u00e9seket, amelyek biztos\u00edtj\u00e1k, hogy afelvett, t\u00e1rolt, illetve kezelt adatok v\u00e9dettek legyenek, illet\u0151leg mindent megtesz annak \u00e9rdek\u00e9ben, hogy megakad\u00e1lyozza azok megsemmis\u00fcl\u00e9s\u00e9t, jogosulatlanfelhaszn\u00e1l\u00e1s\u00e1t \u00e9s jogosulatlan megv\u00e1ltoztat\u00e1s\u00e1t. K\u00f6telezi mag\u00e1t arra is, hogy minden olyan harmadik felet, akiknek az adatokat esetlegesen tov\u00e1bb\u00edtja vagy \u00e1tadja,ugyancsak felh\u00edvja ez ir\u00e1ny\u00fa k\u00f6telezetts\u00e9geinek teljes\u00edt\u00e9s\u00e9re.<\/p>\n<p><strong>9.4.<\/strong>\u00a0Szolg\u00e1ltat\u00f3 fenntartja a jogot, hogy jelen Szab\u00e1lyzatot a Felhaszn\u00e1l\u00f3kel\u0151zetes \u00e9rtes\u00edt\u00e9se mellett egyoldal\u00faan m\u00f3dos\u00edtsa. A m\u00f3dos\u00edt\u00e1s hat\u00e1lyba l\u00e9p\u00e9s\u00e9tk\u00f6vet\u0151en a Felhaszn\u00e1l\u00f3 a szolg\u00e1ltat\u00e1s haszn\u00e1lat\u00e1val r\u00e1utal\u00f3 magatart\u00e1ssal elfogadja a m\u00f3dos\u00edtott Szab\u00e1lyzatban foglaltakat.<\/p>\n<p>[\/vc_column_text][\/vc_column][\/vc_row]<\/p>\n<\/section>","protected":false},"excerpt":{"rendered":"<p>[vc_row][vc_column][vc_column_text] Adatv\u00e9delmi nyilatkozat Adatv\u00e9delmi t\u00e1j\u00e9koztat\u00f3 A Szab\u00e1lyzat c\u00e9lja: A jelen Szab\u00e1lyzat c\u00e9lja, hogy r\u00f6gz\u00edtse a Varg\u00e1n\u00e9 Sug\u00e1r Ildik\u00f3 egy\u00e9ni v\u00e1llalkoz\u00f3 (EV)\u00a0(sz\u00e9khely: 4400 Ny\u00edregyh\u00e1za Szegf\u0171 \u00fat 57.\u00a0\u00a0ad\u00f3sz\u00e1m: \u2026\u2026\u2026.) \u00e1ltal alkalmazott adatv\u00e9delmi \u00e9s adatkezel\u00e9si elveket \u00e9s a T\u00e1rsas\u00e1g adatv\u00e9delmi \u00e9s adatkezel\u00e9si politik\u00e1j\u00e1t. A jelen Szab\u00e1lyzat c\u00e9lja, hogy a Szolg\u00e1ltat\u00f3 \u00e1ltal ny\u00fajtott szolg\u00e1ltat\u00e1sok minden ter\u00fclet\u00e9n, minden egy\u00e9n sz\u00e1m\u00e1ra, &hellip; <a href=\"https:\/\/laptopsilver.hu\/?page_id=2258\" class=\"more-link\">Continue reading <span class=\"screen-reader-text\">Adatv\u00e9delmi nyilatkozat<\/span><\/a><\/p>\n","protected":false},"author":1,"featured_media":0,"parent":0,"menu_order":0,"comment_status":"closed","ping_status":"closed","template":"","meta":[],"_links":{"self":[{"href":"https:\/\/laptopsilver.hu\/index.php?rest_route=\/wp\/v2\/pages\/2258"}],"collection":[{"href":"https:\/\/laptopsilver.hu\/index.php?rest_route=\/wp\/v2\/pages"}],"about":[{"href":"https:\/\/laptopsilver.hu\/index.php?rest_route=\/wp\/v2\/types\/page"}],"author":[{"embeddable":true,"href":"https:\/\/laptopsilver.hu\/index.php?rest_route=\/wp\/v2\/users\/1"}],"replies":[{"embeddable":true,"href":"https:\/\/laptopsilver.hu\/index.php?rest_route=%2Fwp%2Fv2%2Fcomments&post=2258"}],"version-history":[{"count":2,"href":"https:\/\/laptopsilver.hu\/index.php?rest_route=\/wp\/v2\/pages\/2258\/revisions"}],"predecessor-version":[{"id":2260,"href":"https:\/\/laptopsilver.hu\/index.php?rest_route=\/wp\/v2\/pages\/2258\/revisions\/2260"}],"wp:attachment":[{"href":"https:\/\/laptopsilver.hu\/index.php?rest_route=%2Fwp%2Fv2%2Fmedia&parent=2258"}],"curies":[{"name":"wp","href":"https:\/\/api.w.org\/{rel}","templated":true}]}}